 greatest common divisor of 1354 and 2.
2
What is the greatest common divisor of 35 and 77?
7
Calculate the greatest common divisor of 10 and 300.
10
What is the greatest common factor of 62 and 13144?
62
What is the highest common factor of 72 and 9144?
72
Calculate the greatest common divisor of 4 and 268.
4
Calculate the highest common divisor of 24 and 78.
6
What is the highest common divisor of 143 and 1339?
13
What is the greatest common divisor of 8 and 1006?
2
What is the highest common factor of 16570 and 10?
10
What is the highest common factor of 20 and 540?
20
Calculate the greatest common divisor of 1782 and 22.
22
Calculate the highest common factor of 285 and 705.
15
Calculate the highest common factor of 1184 and 1739.
37
Calculate the greatest common divisor of 23040 and 72.
72
Calculate the greatest common divisor of 459 and 1479.
51
Calculate the highest common divisor of 6 and 99.
3
What is the greatest common factor of 552 and 728?
8
What is the highest common divisor of 145 and 3335?
145
What is the greatest common factor of 34 and 100980?
34
What is the greatest common factor of 5415 and 6555?
285
Calculate the highest common divisor of 280 and 112.
56
Calculate the highest common factor of 623 and 7.
7
What is the greatest common factor of 18 and 1314?
18
Calculate the highest common factor of 189 and 747.
9
Calculate the highest common factor of 55 and 77.
11
What is the greatest common factor of 37 and 8325?
37
Calculate the highest common factor of 128 and 3968.
128
Calculate the greatest common factor of 280 and 35.
35
Calculate the highest common factor of 705 and 15.
15
What is the highest common factor of 846 and 18?
18
Calculate the highest common divisor of 42 and 525.
21
What is the highest common divisor of 115238 and 314?
314
Calculate the greatest common divisor of 64 and 1072.
16
Calculate the highest common factor of 96 and 4.
4
Calculate the highest common divisor of 60 and 280.
20
What is the greatest common factor of 630 and 140?
70
Calculate the greatest common divisor of 44339 and 202.
101
What is the greatest common divisor of 38 and 247?
19
Calculate the highest common divisor of 118384 and 98.
98
Calculate the greatest common divisor of 3 and 69.
3
What is the greatest common factor of 11791 and 13?
13
Calculate the highest common factor of 6615 and 147.
147
Calculate the highest common factor of 16 and 30488.
8
Calculate the greatest common divisor of 531 and 117.
9
Calculate the highest common factor of 8 and 8.
8
What is the highest common divisor of 32 and 32?
32
Calculate the highest common factor of 212 and 1325.
53
What is the highest common divisor of 219 and 183?
3
What is the highest common factor of 25 and 26325?
25
Calculate the greatest common divisor of 160 and 16.
16
Calculate the highest common factor of 117 and 9.
9
Calculate the greatest common divisor of 696 and 12760.
232
What is the greatest common factor of 2709 and 43?
43
Calculate the greatest common factor of 243 and 189.
27
What is the highest common factor of 39 and 247?
13
What is the highest common factor of 346 and 2?
2
Calculate the greatest common divisor of 98 and 2.
2
What is the greatest common divisor of 122 and 183?
61
What is the greatest common divisor of 2041 and 13?
13
What is the greatest common divisor of 30 and 810?
30
Calculate the highest common factor of 945 and 35.
35
Calculate the greatest common divisor of 2170 and 14.
14
Calculate the greatest common divisor of 1243 and 22.
11
Calculate the greatest common divisor of 2201 and 213.
71
What is the greatest common factor of 2318 and 122?
122
Calculate the highest common divisor of 126 and 18.
18
What is the greatest common divisor of 4 and 500?
4
What is the highest common factor of 42 and 1554?
42
Calculate the greatest common divisor of 629 and 17.
17
Calculate the highest common divisor of 20426 and 28.
14
Calculate the greatest common divisor of 6 and 192.
6
Calculate the highest common factor of 8 and 856.
8
Calculate the highest common divisor of 10804 and 1168.
292
Calculate the greatest common divisor of 30 and 300.
30
What is the highest common divisor of 1887 and 51?
51
What is the highest common factor of 2562 and 14?
14
What is the highest common divisor of 391 and 69?
23
Calculate the highest common factor of 1610 and 140.
70
What is the greatest common divisor of 238 and 7259?
119
Calculate the greatest common factor of 275 and 85.
5
Calculate the greatest common divisor of 50 and 35.
5
What is the greatest common factor of 93 and 39?
3
Calculate the greatest common divisor of 133 and 7.
7
What is the greatest common divisor of 7208 and 34?
34
What is the highest common divisor of 14 and 7?
7
What is the greatest common divisor of 120 and 712?
8
Calculate the highest common factor of 15 and 240.
15
Calculate the greatest common factor of 94 and 26837.
47
Calculate the highest common divisor of 126 and 414.
18
What is the highest common factor of 57 and 1539?
57
What is the highest common factor of 17 and 4709?
17
What is the highest common factor of 24 and 30?
6
What is the greatest common factor of 136 and 476?
68
Calculate the highest common factor of 1225 and 833.
49
Calculate the greatest common divisor of 40 and 7365.
5
Calculate the greatest common factor of 604 and 453.
151
What is the greatest common factor of 165 and 3564?
33
What is the highest common divisor of 9 and 96?
3
Calculate the highest common divisor of 342 and 18.
18
Calculate the highest common divisor of 1168 and 8.
8
Calculate the highest common divisor of 296 and 32.
8
What is the highest common factor of 52 and 884?
52
Calculate the greatest common divisor of 4579 and 19.
19
Calculate the highest common divisor of 350 and 225.
25
What is the highest common divisor of 4625 and 10?
5
Calculate the greatest common divisor of 34 and 34.
34
Calculate the highest common divisor of 20 and 55.
5
What is the highest common divisor of 6507 and 27?
27
Calculate the greatest common factor of 2125 and 34.
17
What is the highest common factor of 117 and 780?
39
What is the greatest common divisor of 88 and 39512?
88
Calculate the highest common factor of 41 and 22837.
41
Calculate the highest common factor of 18 and 3006.
18
What is the highest common factor of 47 and 47?
47
What is the highest common factor of 1910 and 190?
10
What is the greatest common divisor of 1169 and 21?
7
Calculate the highest common factor of 11 and 10571.
11
What is the highest common divisor of 4 and 212?
4
Calculate the highest common divisor of 60 and 150.
30
Calculate the greatest common factor of 629 and 962.
37
Calculate the greatest common factor of 196 and 686.
98
What is the highest common divisor of 5066 and 34?
34
Calculate the highest common divisor of 152 and 34.
2
Calculate the highest common divisor of 63 and 1737.
9
Calculate the highest common divisor of 40 and 1460.
20
What is the highest common divisor of 1335 and 15?
15
Calculate the greatest common factor of 989 and 1634.
43
Calculate the highest common factor of 255 and 5.
5
What is the highest common factor of 138 and 46?
46
What is the greatest common divisor of 7 and 28672?
7
Calculate the highest common factor of 147 and 3.
3
Calculate the greatest common factor of 2486 and 88.
22
Calculate the highest common divisor of 115 and 1886.
23
Calculate the highest common divisor of 69 and 207.
69
What is the greatest common divisor of 264 and 363?
33
Calculate the greatest common divisor of 297 and 27.
27
What is the highest common divisor of 225 and 855?
45
Calculate the greatest common factor of 275 and 25.
25
What is the greatest common factor of 36 and 1008?
36
Calculate the greatest common factor of 12 and 892.
4
What is the greatest common factor of 228 and 95?
19
What is the greatest common divisor of 92 and 414?
46
Calculate the greatest common factor of 704 and 88.
88
Calculate the highest common factor of 690 and 20.
10
What is the greatest common divisor of 45 and 585?
45
What is the highest common factor of 442 and 51?
17
Calculate the highest common divisor of 6 and 186.
6
What is the greatest common divisor of 343 and 112?
7
What is the highest common divisor of 2178 and 3366?
198
What is the greatest common 